 hundreds digit of h?
1
Let l(j) = j**2 + 7*j - 14*j + 12*j + 6 - 3. Let b be l(-5). Suppose 0 = -b*f + 5*f - 102. What is the tens digit of f?
5
Suppose k = 4*j + 22, 8*j + 12 = 4*j. Suppose 102 + 428 = k*p. What is the tens digit of p?
5
Suppose -4887 = -26*y + 17*y. What is the hundreds digit of y?
5
Let z(w) = -w**3 + 16*w**2 + 24*w - 9. What is the hundreds digit of z(16)?
3
Let m = 3213 + -2158. What is the hundreds digit of m?
0
Let b be -2*((-2)/2 - -4). What is the units digit of -14*(2 + 1)/(b/16)?
2
Let k(j) = -3*j**2 + 8*j + 2*j + 2*j**2 - 2 - 4. Let w be k(8). Suppose -w = o - 47. What is the tens digit of o?
3
Let s = 151 + 31. What is the tens digit of s?
8
Let c(w) = -5 - 19*w**3 + 38*w**3 - 18*w**3 - 9 - 10*w**2 + 11*w. Let t be c(10). Let n = 170 - t. What is the tens digit of n?
7
Let y = -686 - -1038. Suppose 768 + y = 4*z. What is the tens digit of z?
8
Suppose 10 = 5*y - 5*d, -2*d - 4 = -y + 4*y. Let r(g) = 7*g + 2 + g + 0*g + y*g. What is the units digit of r(4)?
4
Suppose 3*m + 48 = 4*t, 5*m = -0*t - 2*t - 2. What is the units digit of t?
9
Suppose 0 + 6 = -3*l. Let z be l/(1 - -1) - -1. Suppose z = 2*p - 3*p + 53. What is the units digit of p?
3
Suppose 12 + 4 = r. Suppose -u + 4*q + 86 = r, 224 = 3*u + 2*q. What is the tens digit of u?
7
Suppose -2*k + 14 = n, k + 4*n - 31 = -2*k. Suppose 0 = -k*o + 10, -i - 3*i - 2*o = -120. What is the units digit of i?
9
Let a(n) be the second derivative of n**7/1260 - n**5/30 + 2*n**4/3 + 8*n. Let w(h) be the third derivative of a(h). What is the units digit of w(-3)?
4
Let v = 237 + -67. Suppose 3*s = -2*p + 203, -2*p - s + 43 + v = 0. Suppose -z = 4*d - p, d - 5 = 2*z + 20. What is the tens digit of d?
2
Let q be 1 + 5 + 3200 + -4. Suppose 11*k - q = 384. What is the units digit of k?
6
Let x(u) = -4*u**2 + 10*u - 9. Let f be x(7). Let b be 4/(-30) + (-6498)/f. Let p = b + -22. What is the tens digit of p?
2
Let r(g) = -438*g + 866. What is the tens digit of r(-6)?
9
Let m(z) = z**2 + 7*z + 5. Let u be m(-9). Let r = u + -12. What is the units digit of r?
1
Let q = 7 + -8. Let g = -4 + q. Let a(h) = h**2 - h - 4. What is the tens digit of a(g)?
2
Let i(n) = -86*n**3 - n**2 - n - 4. What is the hundreds digit of i(-2)?
6
Suppose m + 2*m = -5*f + 223, 0 = -3*f + m + 145. Suppose 108 + f = 5*n. What is the tens digit of n?
3
Suppose -2*h + 2 + 28 = 0. Let d = 12 - h. What is the tens digit of (-32 - 1)*2/d?
2
Let c(f) = -3*f**3 + 13*f**2 + 41*f + 317. What is the units digit of c(-11)?
2
Let c = -47 + 45. What is the tens digit of 12/18*(-327)/4*c?
0
Let j(m) = -4*m**3 + 4*m**2 - 12*m + 8. What is the thousands digit of j(-6)?
1
Suppose 3*j + j = 4. Let s(y) = y**2 - y + 1. Let h(x) = 39*x**2 - 6*x + 5. Let n(w) = j*h(w) - 5*s(w). What is the tens digit of n(1)?
3
Let u = 43 + -88. What is the units digit of (1 - (-11)/(-5))*3300/u?
8
Suppose -4*s = 4*s - 5800. What is the units digit of s?
5
Suppose -c + 707 = p - 1655, 5*p = -c + 11830. What is the tens digit of p?
6
Let a(j) = -2*j. Let i be a(-2). Suppose i*n + n - 10 = 0. What is the tens digit of 32 - 4/n - 1?
2
Suppose 12*p = 8023 + 20897. What is the tens digit of p?
1
Let q(x) = -2*x**3 - 31*x**2 - 41*x - 300. What is the tens digit of q(-20)?
2
Suppose -4*v + 14 = -5*v. Let t = 16 + -25. Let r = t - v. What is the units digit of r?
5
Suppose 5*d = 5*c + 15 - 140, 127 = 4*c + 5*d. Suppose n + c = 124. What is the tens digit of n?
9
Suppose -55*t + 59*t = 1620. What is the hundreds digit of t?
4
Suppose -k - 3 = -n - 4, -12 = -4*k. Suppose -n*u + 0*u = 320. What is the units digit of (u/50)/((-2)/10)?
6
Let u(o) = -2*o + 1. Let f be u(-4). Let m be ((-3)/f)/(1/(-24)). Let v = m + 23. What is the tens digit of v?
3
Let o(j) = 7 + 8*j + j**2 + j**2 - 11*j. What is the tens digit of o(-6)?
9
Let h(y) = -1. Let k(w) = -11*w + 27. Let i(d) = 3*h(d) + k(d). What is the units digit of i(-5)?
9
Let d be (-26)/(0 - -1) - 4. Let a be (d/(-24))/((-2)/(-24)). Suppose -2*o = 3*p + 2*o - 19, -a = -4*p + 5*o. What is the units digit of p?
5
Suppose m + 13 = 3*m - f, -4*m + 29 = -3*f. Suppose 2*s = -4*a + 152, -1 = m*s + 9. What is the tens digit of a?
3
Suppose 9*v - 1554 = 255. What is the tens digit of v?
0
Let h be ((-30)/8)/((-12)/32). What is the tens digit of h/35 + (-761)/(-7)?
0
Let z(c) = c**2 + 2*c + 5. Let a be z(0). Suppose -104 = -a*f + 3*f. What is the units digit of f?
2
Let j = 250 + 1334. What is the hundreds digit of j?
5
Let h be (-3)/(1*(-6)/14)*2. What is the units digit of -3*35/15*(-72)/h?
6
Let s = -4 + 1. Let u be -3*((-1 - -3) + s). Suppose -k + n = 3*n - 8, -4*k = -u*n + 1. What is the units digit of k?
2
Suppose 4*c - 2379 = -3*i - c, 0 = c. Suppose -i = -5*q - 8*y + 4*y, 2*y - 318 = -2*q. What is the tens digit of q?
5
Suppose 4*v - 1 = k + 4*k, -k - 9 = -3*v. Suppose v = -2*i, -4*s - 3*i + 272 = i. What is the tens digit of s?
7
What is the units digit of (2 + -1)*-1*-416?
6
Suppose 5*y = 10 + 10. Suppose 8*h - y*h + 6 = -2*n, 0 = h - 4*n - 12. Suppose -5*b = -3*r - 247, 3*b + 5*r = -h*r + 121. What is the units digit of b?
7
Suppose 3*y = -5*y + 2464. What is the tens digit of y?
0
Let f(v) = -v**3 - 7*v**2 - 4*v - 6. Suppose -9 = d - 0. Let m = -16 - d. What is the tens digit of f(m)?
2
Let z = -21 + 21. Suppose 0 = v + 4*c - 29, z = 4*v - v - 2*c - 45. What is the tens digit of v?
1
Suppose -3*k = 13 + 8. Let m(u) = 8*u - 13. Let z(g) = -3*g + 4. Let o(i) = -4*m(i) - 11*z(i). What is the units digit of o(k)?
1
Let g(s) = -s + 14. Let u be g(8). What is the tens digit of 20/1 + (-24)/u?
1
Let r be 4/(-3) - 124/24*-2. Suppose 729 + 351 = r*p. What is the units digit of p?
0
Let q be 20/6 + 10/15. Let l(j) = j**3 - 6*j**2 + 2*j + 5. Let w be l(q). What is the units digit of (-1)/(4/(w - 1))?
5
What is the tens digit of 58/(-5)*(3 + -93)?
4
Let w(v) = 329*v + 2. Let u be w(1). Suppose 3*m - 215 - u = 0. Let l = -119 + m. What is the tens digit of l?
6
Suppose -4*y + 2068 = 5*d, -2*d - 19 = -11. What is the hundreds digit of y?
5
Let g = 2643 + 747. What is the tens digit of g?
9
What is the hundreds digit of (-8)/28 - (-32795)/49?
6
Let s = 358 + -256. Let v be (-2)/8 - s/(-24). Suppose -v*x + 50 = x. What is the tens digit of x?
1
Suppose -29008 = -22*m - 15*m. What is the tens digit of m?
8
Suppose -46 = -4*n + r + 24, 0 = 4*n + 2*r - 76. Suppose -2*o - 3*m = 2*o - 44, 2*o = 3*m + 22. Suppose o = -17*x + n*x. What is the units digit of x?
1
Let m be (-14)/(-77) - 31/(-11). Suppose -m*v + 8*v = 5*k, -4*k = -v. Suppose -4*q = -4*j - k*q + 148, -4*q = j - 47. What is the tens digit of j?
3
Let n = 1302 - 423. What is the hundreds digit of n?
8
Suppose -12 = 6*n - 10*n, -1515 = -3*g - 3*n. What is the tens digit of g?
0
Let l(k) = 2*k**2 + 2012. What is the thousands digit of l(0)?
2
Suppose 4*o + 5*v - 745 = 0, 3*o = 7*v - 2*v + 515. Suppose -y - f = -11 - 25, o = 5*y - 5*f. Suppose 3*q - y = -q. What is the units digit of q?
9
Let v be ((-24)/36)/((-4)/42). What is the tens digit of v/(35/20) + 81?
8
Let r(n) = n**3 + 4*n**2 - 12*n + 4. What is the tens digit of r(7)?
5
Let k(r) = 214*r + 60. What is the tens digit of k(5)?
3
Let v be (0 - (-3)/(-15))*-65. Let l = v + -1. What is the tens digit of l?
1
Suppose 7*g + 12818 = 24*g. What is the units digit of g?
4
Suppose -7*j + 224 + 217 = 0. Suppose -5*p + 157 = -j. What is the units digit of p?
4
Suppose -4*a + 48 = 2*t, 0*a = -a + 5*t + 23. Suppose -a = 4*u + 55. Let o = u + 27. What is the units digit of o?
0
Let f be (-45)/35 + 1 - (-1314)/(-7). Let t = f - -329. What is the hundreds digit of t?
1
Suppose 66320 = 23*i - 3*i. What is the hundreds digit of i?
3
Let a(k) = -9*k**3 + k**2 + k. Let u be a(-1). Suppose u*f = 2*f + 273. What is the tens digit of f?
3
Let l(q) be the third derivative of 6*q**2 - 7/6*q**3 + 0*q - 3/8*q**4 + 0. What is the tens digit of l(-4)?
2
Suppose -3*o = r - 0*r - 7, 2*o - 10 = -2*r. Suppose 3*n = -5*g + 12, 2*n = -r*g - 0*g + 8. Suppose 2*i - 96 = -n*i. What is the tens digit of i?
1
Let f = 5167 + -1757. What is the tens digit of f?
1
Let o be 662/12 + 16/(-96). What is the tens digit of (-2 + -18)/(((-20)/4)/o)?
2
Let p(h) = -h**2 - 6*h - 4. Let q be p(-7). Let y(m) be the third derivative of -5*m**4/24 - 5*m**3/6 - m**